at is the remainder when 6 is divided by r(j)?
0
Let l(r) = r**2 + 5*r - 10. Let g be l(-7). Suppose -137 = -3*x + 2*h, -2*x + 188 = 2*x - g*h. Let n = -29 + x. Calculate the remainder when 51 is divided by n.
9
Suppose -2*a - 366*l + 369*l + 4954 = 0, -a + l + 2480 = 0. What is the remainder when a is divided by 192?
182
Suppose v + 36 = 54. Let p(o) = o. Let h(r) = -5*r + 5. Let y(a) = -h(a) - 3*p(a). Calculate the remainder when v is divided by y(5).
3
Suppose 4*j + 9*f - 8*f - 42 = 0, 3*j + 14*f + 48 = 0. Calculate the remainder when 28 is divided by j.
4
Suppose 1204*i = 1206*i + 4, -5*i = -y + 493. Suppose 5*f - 188 + 53 = 0. What is the remainder when y is divided by f?
24
What is the remainder when 352 is divided by (3/(-5))/(63/315) - (-6 + -173)?
0
Suppose -17 = k - 3*a - 45, k - a - 22 = 0. Let q(s) = -s**2 + 18*s + 39. Calculate the remainder when 32 is divided by q(k).
12
Let f be (8/(-4))/(6/(-129)). Suppose -k - f = -100. Suppose -4*j = -7*j + k. What is the remainder when 33 is divided by j?
14
Let f(a) = -2*a + 39. Suppose -3*t - 8*j = -4*j - 41, -t - 5*j + 32 = 0. What is the remainder when f(12) is divided by t?
1
Let r = -181 - -273. Suppose -4*j = -r - 128. Let c = j + -48. What is the remainder when c is divided by 2?
1
Suppose 5*d = c + 43, -3*d + 7*d = -4*c + 20. Let j(p) = 3*p**3 + 231*p**2 - 10*p - 703. What is the remainder when j(-77) is divided by d?
3
Suppose 4*z = 127 - 35. Calculate the remainder when 5634 is divided by z.
22
Let s(c) be the second derivative of 0 + 5*c**2 - 1/20*c**5 + 4*c - 5/6*c**3 + 3/4*c**4. What is the remainder when 167 is divided by s(8)?
31
Suppose 5*w - 8*w + 299 = 4*u, -3*u = w - 88. Calculate the remainder when 841 is divided by w.
78
What is the remainder when 7278 is divided by 98 + -107 + (42/2 - -2)?
12
Suppose -8400 = 110*p - 21710. Calculate the remainder when p is divided by 112.
9
Let n = 440 - 437. Suppose -n*p + 5*c + 22 = 17, -p = 5*c - 35. Calculate the remainder when 62 is divided by p.
2
Let t(v) = 16*v - 40. Let m be t(4). Suppose 11*l - 6*l - 105 = -5*y, m = y + 2*l. Calculate the remainder when 196 is divided by y.
16
Let d = 7 - 17. Let z = 23 + d. What is the remainder when (-4)/3*(-2208)/64 is divided by z?
7
Let q = -66 - -80. Let h(y) = 10*y - 124. Calculate the remainder when 445 is divided by h(q).
13
Let x be 3*(-4)/(-12) - -13. Let f = x + 24. Let d = -161 - -309. Calculate the remainder when d is divided by f.
34
Let l be 2/7 + (-6315)/(-21). Let s = -288 + l. What is the remainder when 47 is divided by s?
8
Calculate the remainder when 113 is divided by (-3 + 2)*(13 - 40).
5
Let h(j) = -3*j**2 + 116*j - 11. Let r be h(38). Suppose -t = -18 - r. Calculate the remainder when t is divided by 50.
33
Let o = 9203 - 4888. Calculate the remainder when o is divided by 17.
14
Let m(b) = -b**3 - 4*b**2 + 3*b - 3. Let l be m(-5). Suppose -l*j + 264 = j. Suppose -j = -s - 6. Calculate the remainder when s is divided by 5.
2
Suppose -70*w - 702 = -64*w. Let n = 134 + w. What is the remainder when 83 is divided by n?
15
Let c = 3556 + -2442. Suppose -2*u = -3*p - 64 + 16, -7*u + 3*p + 138 = 0. What is the remainder when c is divided by u?
16
Let u = 208 - 325. Let h = 280 + u. What is the remainder when h is divided by 33?
31
Let o(r) = 5*r**3 - r**2 - 3*r - 2. Let x be o(-2). Calculate the remainder when 86 is divided by x/(-6)*6 + 5 + -1.
42
Let i be 4/(-18) + 800/(-45) + 4. What is the remainder when 26*(10 - (-9 - i)) is divided by 28?
18
Suppose 0 = u + 4*c + 11, c = -u - c - 3. Let t(p) = p**3 - 4*p**2 - p - 3. Suppose 2*z = -x + 1 + 13, z = 2. What is the remainder when t(u) is divided by x?
7
Let m(g) = -2*g**2 - 22*g - 4. Let r be (-4)/(-1)*2/8*3. Suppose -4*d - 46 = u - r*u, 0 = -5*d + 2*u - 56. Calculate the remainder when 127 is divided by m(d).
15
Let h(t) = t**3 - 4*t**2 + 4*t - 10. Let o be h(4). Suppose o*x = 3*x + 228. Let r = x - 58. Calculate the remainder when 50 is divided by r.
14
Let g = 110 + -93. Suppose 6*t - g = 19. What is the remainder when ((-9)/t)/(-3) - 186/(-12) is divided by 11?
5
Suppose 14*l + 96 = 18*l + 2*p, 2*p + 72 = 3*l. Calculate the remainder when 51 is divided by l.
3
Suppose 177 = 6*t - 9. Let s(i) = 7*i**2 - 6*i + 21. What is the remainder when s(3) is divided by t?
4
What is the remainder when (-902)/(-1) + (-27)/(-198)*22 is divided by 128?
9
Let t(l) = l**3 - 2*l**2 - 4*l - 11. Let o be 88/(-3)*(-15)/10. Suppose -3*i - o = -5*i. What is the remainder when t(6) is divided by i?
21
Let r(a) = 268*a**2 - 135*a + 130. What is the remainder when 2640 is divided by r(1)?
10
Let q(f) = -4*f + f**3 - 3*f**2 + 0 - 1 + 3. Let n be q(4). Suppose 148 = n*l - 2*r, -3*l - 4*r = l - 328. What is the remainder when l is divided by 20?
18
Let z(d) = d + 141. Let i be z(-21). Suppose 143*x - i*x = 943. What is the remainder when 120 is divided by x?
38
Let x be 13/4 - 2/8. Let l be 11 - (-4 + 27 - 14). Suppose -l*i + x*i - 125 = -5*m, 5 = -i. What is the remainder when 129 is divided by m?
25
Suppose -4*m = -3*s - 0*s - 33, m + 5*s = 14. Suppose -7*a = -9*a + 390. Let t = a + -193. What is the remainder when m is divided by t?
1
Let l(f) = -f**2 - 2*f + 11. Let m be l(-12). Let y = -64 - m. Let o = -37 + y. Calculate the remainder when 10 is divided by o.
2
Suppose -539*g + 484 = -528*g. Calculate the remainder when 64 is divided by g.
20
Let m(s) = -s**3 + s**2 + s + 32. Let g be m(0). What is the remainder when (-1 + g/6)/((-2)/(-30)) is divided by 17?
14
Suppose 4*v - 2*z - 204 = 0, 0 = 2*v + v - 5*z - 167. Suppose -2*c = -2*y + 2, -3*y = y + 5*c - v. Calculate the remainder when (-4)/8*y - -93 is divided by 31.
28
Let b(r) = 2*r**2 - 6*r - 1. Suppose o - 33*m = -28*m + 122, 0 = 3*o - 3*m - 294. What is the remainder when o is divided by b(6)?
22
Suppose 5*y + 5*z = 545, -2*z = z + 3. Let v = -204 + y. Let k = -92 - v. Calculate the remainder when k is divided by 2.
0
Let o be (-1 - 4 - -4) + -125. Suppose -608 = 3*q - 5*a, 0 = 4*q + a + 237 + 612. Let b = o - q. What is the remainder when b is divided by 18?
13
Suppose -6*r + r + 84 = -3*i, 22 = r + 2*i. Suppose 3*k + 5*x + 267 - 325 = 0, -2*x = -9*k + 242. What is the remainder when k is divided by r?
8
Suppose -49*l + 44*l = -20, r - 4*l = 1215. Calculate the remainder when r is divided by 27.
16
Let w = 138 + -127. Suppose 7*c - 3*c = 196. Calculate the remainder when c is divided by w.
5
Let r(b) = -b**2 + 14*b + 8. Let t(y) = y**2 + 4*y + 17. Let m be t(-7). Suppose -7*k = -5*k - m. Calculate the remainder when r(8) is divided by k.
18
Suppose 307*x = -2*c + 310*x + 8773, -3*x - 21937 = -5*c. What is the remainder when c is divided by 11?
10
Suppose 29*t - 32*t + 5*d + 512 = 0, 0 = 3*t + 3*d - 504. Suppose 0 = -q + 3, -20*a = -21*a + 2*q + t. Calculate the remainder when a is divided by 38.
23
Let i = 24 - 27. What is the remainder when 293 is divided by (-102)/12*-2 - (i - 0)?
13
Let z(n) = -n**3 + 28*n**2 - 27*n + 1. Let d be z(27). Let f(j) = 41*j - 3. Calculate the remainder when 111 is divided by f(d).
35
Suppose -5*p + 3*k - 57 = 0, -2*p + 6*k - 14 = 7*k. Let v be 60/(-5)*3/p. Suppose 0 = -v*z - 0*z + 44. Calculate the remainder when z is divided by 5.
1
Let b be 2/7 + (2 - (-225)/21). Suppose g - 8 = b. Suppose 5*j - 51 + g = 0. Calculate the remainder when 33 is divided by j.
3
Suppose 11*h + 896 = 44*h - 886. Calculate the remainder when 5019 is divided by h.
51
Let r(a) = -12*a - 151. Let f be r(-13). Calculate the remainder when ((-96)/f)/(7/(-70)) is divided by 37.
7
Calculate the remainder when 1408 is divided by 4 + ((-4)/(-10))/(((-352)/2090)/(-8)).
5
Let z(k) = 30*k - 146. Let d be z(15). Suppose 18*i - d = 2*i. Calculate the remainder when 169 is divided by i.
17
Let q(f) = -f**2 + 22*f - 8. Suppose -7*a + 529 = 67. Suppose -2*u = 4*u - a. What is the remainder when q(u) is divided by 39?
35
Suppose 5*u = 5*i + 2390, 6*u - 7*u + 5*i = -482. What is the remainder when u is divided by 27?
18
Let y = -1 - -6. Suppose -y*v = -7*v - 3*c + 44, 2*c - 8 = 0. Suppose -15*l = -22*l + 441. Calculate the remainder when l is divided by v.
15
Suppose 0*a + 46 = -a. Let i = -32 - a. Let q = i + 4. What is the remainder when 50 is divided by q?
14
Calculate the remainder whe